when y is divided by o.
16
Let j(s) be the second derivative of s**4/12 + s**2 + s. Let u be j(0). Suppose 0 = -u*w + w + 19. Calculate the remainder when w is divided by 7.
5
Let c = 8 - -7. Calculate the remainder when c is divided by 8.
7
Let k = -21 + 34. Let f(q) = q**3 + q**2 - q + 36. Calculate the remainder when f(0) is divided by k.
10
Suppose -x - 1 = -9. Suppose 0 = -f - f + x. Suppose 42 = f*j - 2*b, 0 = -4*j + 4*b - 7*b + 67. Calculate the remainder when 49 is divided by j.
10
Let j(l) = 2 + 3*l - l**2 + 5 - 3. Suppose 5*c + 4*z - 26 = 0, -2*z + 6 + 2 = 0. Calculate the remainder when j(3) is divided by c.
0
Let l = -28 + 42. Let f = 15 - 10. What is the remainder when 130/l + 2/(-7) is divided by f?
4
Let g(s) = -1 + 3*s - 3*s**2 + 8 + 4*s**2 + 4*s. What is the remainder when 20 is divided by g(-7)?
6
Let d = 19 + -60. Calculate the remainder when 58 is divided by (-10)/20 - d/2.
18
Let d be 35/20 - (-1)/4. Suppose -4 = -d*l + 6. Suppose -6 = -2*z + 4*r, 2*z - l*r = -0 + 4. Calculate the remainder when z is divided by 4.
3
Let j be (-27)/2*(-8)/12. Suppose -j - 11 = -4*s. Calculate the remainder when 18 is divided by s.
3
Suppose -90 = -4*h - 38. Calculate the remainder when h is divided by 6.
1
Let m be 1*-1 - 21/(-1). Suppose -2*g + m = p - 4*g, -3*p = -5*g - 62. Let h = -29 - -42. What is the remainder when p is divided by h?
11
Let r = 7 + -4. Suppose 4*k + 5*q = 27, 0 = 2*k - 0*k - 4*q + 6. Calculate the remainder when k is divided by r.
0
Let s = -26 - -49. Let h(u) = -2*u - 5. Let p be h(-4). Let n = p - -5. What is the remainder when s is divided by n?
7
Suppose 5*h = -k + 565, -k = -4*h - 4*k + 463. Suppose -3*o = o - h. Let b = -13 + o. Calculate the remainder when b is divided by 6.
3
Suppose 4*a - 4*p - 28 = 4, -5*a = -3*p - 36. Suppose i - a*i = z - 50, i - 2*z - 10 = 0. Let s = 15 - i. Calculate the remainder when s is divided by 2.
1
Suppose -6*u = -u. Suppose 5*t + r - 17 + 2 = u, 0 = t - 5*r - 3. What is the remainder when t is divided by 2?
1
Suppose -4*k - 395 = k. Let l = -55 - k. Calculate the remainder when 70 is divided by l.
22
Let h(m) = -11*m**2 + m**3 + 1 - 11*m + 5 - 4. What is the remainder when h(12) is divided by 5?
4
Let r(f) = f**2 + f - 6. Suppose 1 = q + 3. What is the remainder when r(-6) is divided by (2/4)/(q/(-52))?
11
Suppose -4*z - 4*s + 30 + 46 = 0, -4*z - 2*s = -68. Let l be 2/(-5) - 1119/z. Let b = -23 - l. What is the remainder when b is divided by 18?
16
Suppose s - 3*s = -30. Let l(k) = k**3 - 4*k**2 - 3*k - 7. Let z be l(5). Suppose -32 = -z*g - g. Calculate the remainder when s is divided by g.
7
Suppose 0*y + 6 = 2*l - 3*y, -8 = -4*y. Calculate the remainder when 2 - -9 - 4/2 is divided by l.
3
Let r(n) = 3*n - 3. Let i be r(7). Let f = i - 4. Suppose -3*h + 36 - 12 = 0. What is the remainder when f is divided by h?
6
Let s(b) = -b - 2. Let q be s(-6). Let z = 13 + q. Let g = -17 - -26. What is the remainder when z is divided by g?
8
Let u(w) = 2*w - 2. Let o = 115 - 106. What is the remainder when o is divided by u(4)?
3
Let o be ((-2)/2 - -9)*-1. Let d be (-82)/o - 4/16. Let u = -1 + d. What is the remainder when 17 is divided by u?
8
Let u(a) be the third derivative of a**5/60 - a**4/12 - 5*a**3/6 + 4*a**2. Let z be u(4). Suppose z*r = r + 26. Calculate the remainder when 38 is divided by r.
12
Let s(l) = -2*l**3 + 2*l + 10. What is the remainder when s(0) is divided by 6?
4
Calculate the remainder when 40 is divided by (-1)/(10/4) + 741/65.
7
What is the remainder when 4 is divided by (-78)/(-52) - (0 - (-6)/(-4))?
1
What is the remainder when 20 is divided by (2 - (-1 - 0)) + -1 + 1?
2
Suppose -n = -5*m + 71, -m + 3*n + 18 = m. What is the remainder when m is divided by 4?
3
Suppose -28 = -5*d + 3*d. What is the remainder when (1325/30)/(-5)*-6 is divided by d?
11
Suppose -4*q = -9*q + 55. Calculate the remainder when 30 is divided by q.
8
Let f = 9 + -8. Suppose -4*c = -y + 5, -y - c + 4 = -f. Calculate the remainder when 6 is divided by y.
1
Let f be (8/10)/((-14)/(-35)). Suppose -52 = -f*x + 28. Calculate the remainder when x is divided by 14.
12
Let o be 23 - (-1 - 3/3). Let a = -8 + o. What is the remainder when (32*(-1 - 0))/(-1) is divided by a?
15
Let k = -18 + 19. Suppose -k = -o + 44. What is the remainder when o is divided by 23?
22
Let f(x) = 4*x**2 + 5*x + 6. Let w be f(-4). Suppose 6 = 2*m - w. What is the remainder when m is divided by 2 - (4 - 2)*-4?
8
Suppose 0*a - 2*a - 5*u = -22, -33 = -3*a + 5*u. Suppose 0*y = 3*y - 63. Calculate the remainder when y is divided by a.
10
Let g be (-18)/45 + (-2554)/(-10). Calculate the remainder when 1*4*g/20 is divided by 18.
15
Let n(h) = 3*h - 3. Let s(q) = q + 3. Let l be s(0). Let i(p) = 3*p**2 - 3*p - 1. Calculate the remainder when i(l) is divided by n(3).
5
Let t(g) = g**3 + 5*g**2 - 9*g - 6. Calculate the remainder when t(-5) is divided by 10.
9
Suppose 0 = 2*x + 4*v - 116 + 10, 3*v = x - 73. What is the remainder when x is divided by 21?
19
Let u = 125 + -69. Suppose -m = -31 + 12. What is the remainder when u is divided by m?
18
Suppose 5*v + 3*r = -155, 44 - 6 = -v - 2*r. Let d = v - -47. What is the remainder when d is divided by 10?
9
Let v = -21 - -42. Calculate the remainder when 41 is divided by v.
20
Let o = 22 + -11. What is the remainder when o is divided by (-2)/(-4) + 33/6?
5
What is the remainder when 10*((-1)/7)/((-4)/14) is divided by 3?
2
Suppose 3*z = -3*w + 72, -z - 3*w = -w - 22. What is the remainder when z is divided by 14?
12
Suppose n + q - 20 = 6*q, 2*n = -3*q + 40. What is the remainder when 23 is divided by n?
3
Suppose 0 = -y + 5*y - 40. Suppose -155 = -5*p - 0*p - 2*v, 3*v + 14 = p. Calculate the remainder when p is divided by y.
9
Let r = 39 + -16. What is the remainder when r is divided by 6?
5
Let j(a) = -2*a + 1. Let s be j(1). Let y = 16 - s. What is the remainder when 33 is divided by y?
16
Suppose 5*d - 2*n = 86, d + n - 31 = 6*n. What is the remainder when d is divided by 6?
4
Let x = 26 - 6. Calculate the remainder when 57 is divided by x.
17
Suppose -3*m - 5*y + 79 = 0, 2*m - 18 - 36 = -4*y. Suppose 4*q - m = -d, 0 = -4*d - d + 15. Calculate the remainder when 6 is divided by q.
1
Let j(d) = -d**3 + 3*d**2 + 9. Calculate the remainder when 43 is divided by j(3).
7
Suppose -r - 3*x + 34 + 3 = 0, -r = -5*x - 5. Suppose 2*w + 1 - r = 0. Calculate the remainder when 23 is divided by w.
11
Suppose 4 = -s + 1. Let c be s/((3/5)/(-1)). Let y(p) = p**3 - 5*p**2 + 4*p + 3. What is the remainder when y(c) is divided by 12?
11
Let a = 247 + -70. Suppose -3*f - 3*i + a = 0, 3*i = 5*f - 3*f - 133. Calculate the remainder when f is divided by 13.
10
Let s(x) = x**2 + 1. Let o be (5/(-1))/(-3 - -4). Let a = o + -1. What is the remainder when s(a) is divided by 13?
11
Let o(k) be the third derivative of k**6/120 + 7*k**5/60 + k**4/8 - 2*k**3/3 - 9*k**2. What is the remainder when o(-3) is divided by 6?
5
Suppose p - 63 = -5. Calculate the remainder when p is divided by 20.
18
Calculate the remainder when 31 is divided by (7 - 5)/((-2)/(-17)).
14
Suppose -2*g + 43*g = 738. Suppose o + 4 - 11 = 0. What is the remainder when g is divided by o?
4
Let w = 100 - 168. Let x = -42 - w. Calculate the remainder when 49 is divided by x.
23
Let z = -110 + 115. Calculate the remainder when 20 is divided by z.
0
Suppose -3*p + 5*p - 6 = 0. Suppose -p*y = -96 - 171. What is the remainder when y is divided by 23?
20
Suppose 3*x + 3 = -3. Calculate the remainder when 4*x/((-8)/30) is divided by 11.
8
Suppose -8*c + 14*c = 150. Suppose -3*z + 140 + 7 = 0. What is the remainder when z is divided by c?
24
Suppose 16*c - 14*c = 2*a + 106, -217 = -4*c + 5*a. Let h = -26 - -36. What is the remainder when c is divided by h?
8
Suppose 2*p - 25 - 61 = 0. Calculate the remainder when 169 is divided by p.
40
Suppose 3*i = -5*i + 16. Suppose 3*p - 240 = 57. Suppose -f + 16 = -i*n, f = 5*f - n - p. Calculate the remainder when 76 is divided by f.
24
Suppose 6 = -6*i + 12. Suppose -2*f + 20 = -6*f. Calculate the remainder when 18 is divided by (-6 - f)*(-4 - i).
3
Let m(q) = q**3 + 6*q**2 - 16*q - 13. Calculate the remainder when m(-6) is divided by 22.
17
Suppose -4*z + 279 = 87. Suppose 6*v = 3*v + z. Calculate the 